{"id":227,"date":"2021-08-19T20:02:40","date_gmt":"2021-08-19T20:02:40","guid":{"rendered":"https:\/\/maronfamily.ch\/?page_id=227"},"modified":"2021-08-19T20:02:40","modified_gmt":"2021-08-19T20:02:40","slug":"marao-armelindo-francisco","status":"publish","type":"page","link":"https:\/\/maronfamily.ch\/?page_id=227","title":{"rendered":"Mar\u00e3o, Armelindo Francisco"},"content":{"rendered":"<section class=\"rp_truncate\"><div class=\"rp_header\" itemscope itemtype=\"https:\/\/schema.org\/Person\"><meta itemprop=\"gender\" content=\"M\"\/><div float:left;\"><a href=\"https:\/\/maronfamily.ch\/wp-content\/plugins\/rootspersona\/\/images\/boy-silhouette.gif\"><img decoding=\"async\" class=\"rp_headerbox\" src=\"https:\/\/maronfamily.ch\/wp-content\/plugins\/rootspersona\/\/images\/boy-silhouette.gif\" \/><\/a><\/div><div class=\"rp_headerbox\"><span class=\"rp_headerbox\" id=\"hdr_name\" itemprop=\"name\">Armelindo Francisco  MAR\u00c3O<\/span><span class=\"rp_headerbox\" style=\"padding-left:15px;text-align:right;color:#EBDDE2;display:none;\">I4<\/span><br\/>b: <span itemprop=\"birth\" itemscope itemtype=\"https:\/\/schema.org\/Event\"><span itemprop=\"startDate\" content=\"1928\">2 MAY 1928<\/span><\/span><br\/>d: <span itemprop=\"death\" itemscope itemtype=\"https:\/\/schema.org\/Event\"><span itemprop=\"startDate\" content=\"2011\">24 DEC 2011<\/span><\/span><\/div><\/div><\/section><section class=\"rp_truncate\"><div class=\"rp_banner\">Facts<\/div><div class=\"rp_facts\"><ul><li>2 MAY 1928 - Birth -  ; <span class=\"rp_place\">, Prat\u00e2nia, , Prat\u00e2nia, S\u00e3o Paulo, Brasilien<\/span><\/li><li>24 DEC 2011 - Death -  ; <span class=\"rp_place\">, Botucatu, , Botucatu, S\u00e3o Paulo, Brasil<\/span><\/li><\/ul><\/div><\/section><section class=\"rp_truncate\"><div class=\"rp_banner\">Ancestors<\/div><div class=\"rp_ancestors\"><table cellpadding=\"0\" cellspacing=\"0\" class=\"ancestors\"><tbody><tr><td colspan=\"2\" rowspan=\"6\">&#160;<\/td><td colspan=\"3\" rowspan=\"2\">&#160;<\/td><td>&#160;<\/td><td rowspan=\"2\" class=\"rp_nameBox\" style=\"border-color:brown !important\"><div class=\"nospace\" itemscope itemtype=\"https:\/\/schema.org\/Person\"><meta itemprop=\"gender\" content=\"M\"\/><a href=\"https:\/\/maronfamily.ch?page_id=232\"><span class=\"nospace\" id=\"ancI7_name\" itemprop=\"name\">Romolo  MARON<\/span><\/a><br\/><span itemprop=\"birth\" itemscope itemtype=\"https:\/\/schema.org\/Event\"><span itemprop=\"startDate\" content=\"1864\">30 JUL 1864<\/span><\/span> - <span itemprop=\"death\" itemscope itemtype=\"https:\/\/schema.org\/Event\"><span itemprop=\"startDate\" content=\"1935\">18 AUG 1935<\/span><\/span><\/div><\/td><\/tr><tr><td class=\"rp_topleft\" style=\"border-color:brown !important\">&#160;<\/td><\/tr><tr><td>&#160;<\/td><td rowspan=\"2\" class=\"rp_nameBox\" style=\"border-color:brown !important\"><div class=\"nospace\" itemscope itemtype=\"https:\/\/schema.org\/Person\"><meta itemprop=\"gender\" content=\"M\"\/><a href=\"https:\/\/maronfamily.ch?page_id=229\"><span class=\"nospace\" id=\"ancI5_name\" itemprop=\"name\">Evaristo  MARON<\/span><\/a><br\/><span itemprop=\"birth\" itemscope itemtype=\"https:\/\/schema.org\/Event\"><span itemprop=\"startDate\" content=\"1899\">7 JAN 1899<\/span><\/span> - <span itemprop=\"death\" itemscope itemtype=\"https:\/\/schema.org\/Event\"><span itemprop=\"startDate\" content=\"1980\">28 DEC 1980<\/span><\/span><\/div><\/td><td class=\"rp_bottom\" style=\"border-color:brown !important\">&#160;<\/td><td colspan=\"2\" rowspan=\"2\" class=\"rp_left\" style=\"border-color:brown !important\">&#160;<\/td><\/tr><tr><td class=\"rp_topleft\" style=\"border-color:brown !important\">&#160;<\/td><td>&#160;<\/td><\/tr><tr><td colspan=\"3\" rowspan=\"6\" class=\"rp_left\" style=\"border-color:brown !important\">&#160;<\/td><td class=\"rp_leftbottom\" style=\"border-color:brown !important\">&#160;<\/td><td rowspan=\"2\" class=\"rp_nameBox\" style=\"border-color:brown !important\"><div class=\"nospace\" itemscope itemtype=\"https:\/\/schema.org\/Person\"><meta itemprop=\"gender\" content=\"F\"\/><a href=\"https:\/\/maronfamily.ch?page_id=542\"><span class=\"nospace\" id=\"ancI8_name\" itemprop=\"name\">Rosa  LUCCO<\/span><\/a><br\/><span itemprop=\"birth\" itemscope itemtype=\"https:\/\/schema.org\/Event\"><span itemprop=\"startDate\" content=\"1867\">1867<\/span><\/span> - <span itemprop=\"death\" itemscope itemtype=\"https:\/\/schema.org\/Event\"><span itemprop=\"startDate\" content=\"1946\">13 SEP 1946<\/span><\/span><\/div><\/td><\/tr><tr><td>&#160;<\/td><\/tr><tr><td rowspan=\"2\" class=\"rp_nameBox\" style=\"border-color:brown !important\"><div class=\"nospace\" itemscope itemtype=\"https:\/\/schema.org\/Person\"><meta itemprop=\"gender\" content=\"M\"\/><a href=\"https:\/\/maronfamily.ch?page_id=227\"><span class=\"nospace\" id=\"ancI4_name\" itemprop=\"name\">Armelindo Francisco  MAR\u00c3O<\/span><\/a><br\/><span itemprop=\"birth\" itemscope itemtype=\"https:\/\/schema.org\/Event\"><span itemprop=\"startDate\" content=\"1928\">2 MAY 1928<\/span><\/span> - <span itemprop=\"death\" itemscope itemtype=\"https:\/\/schema.org\/Event\"><span itemprop=\"startDate\" content=\"2011\">24 DEC 2011<\/span><\/span><\/div><\/td><td class=\"rp_bottom\" style=\"border-color:brown !important\">&#160;<\/td><td colspan=\"2\" rowspan=\"2\">&#160;<\/td><\/tr><tr><td>&#160;<\/td><\/tr><tr><td colspan=\"2\" rowspan=\"6\">&#160;<\/td><td>&#160;<\/td><td rowspan=\"2\" class=\"rp_nameBox\" style=\"border-color:brown !important\"><div class=\"nospace\" itemscope itemtype=\"https:\/\/schema.org\/Person\"><meta itemprop=\"gender\" content=\"M\"\/><a href=\"https:\/\/maronfamily.ch?page_id=544\"><span class=\"nospace\" id=\"ancI44_name\" itemprop=\"name\">Ferdinando  Paoleschi<\/span><\/a><br\/><span itemprop=\"birth\" itemscope itemtype=\"https:\/\/schema.org\/Event\"><span itemprop=\"startDate\" content=\"1862\">1862<\/span><\/span> - <span itemprop=\"death\" itemscope itemtype=\"https:\/\/schema.org\/Event\"><\/span><\/div><\/td><\/tr><tr><td class=\"rp_topleft\" style=\"border-color:brown !important\">&#160;<\/td><\/tr><tr><td class=\"rp_leftbottom\" style=\"border-color:brown !important\">&#160;<\/td><td rowspan=\"2\" class=\"rp_nameBox\" style=\"border-color:brown !important\"><div class=\"nospace\" itemscope itemtype=\"https:\/\/schema.org\/Person\"><meta itemprop=\"gender\" content=\"F\"\/><a href=\"https:\/\/maronfamily.ch?page_id=235\"><span class=\"nospace\" id=\"ancI6_name\" itemprop=\"name\">Martha  Paoleschi<\/span><\/a><br\/><span itemprop=\"birth\" itemscope itemtype=\"https:\/\/schema.org\/Event\"><span itemprop=\"startDate\" content=\"1904\">27 JUN 1904<\/span><\/span> - <span itemprop=\"death\" itemscope itemtype=\"https:\/\/schema.org\/Event\"><span itemprop=\"startDate\" content=\"1968\">12 SEP 1968<\/span><\/span><\/div><\/td><td class=\"rp_bottom\" style=\"border-color:brown !important\">&#160;<\/td><td colspan=\"2\" rowspan=\"2\" class=\"rp_left\" style=\"border-color:brown !important\">&#160;<\/td><\/tr><tr><td>&#160;<\/td><td>&#160;<\/td><\/tr><tr><td colspan=\"3\" rowspan=\"2\">&#160;<\/td><td class=\"rp_leftbottom\" style=\"border-color:brown !important\">&#160;<\/td><td rowspan=\"2\" class=\"rp_nameBox\" style=\"border-color:brown !important\"><div class=\"nospace\" itemscope itemtype=\"https:\/\/schema.org\/Person\"><meta itemprop=\"gender\" content=\"F\"\/><a href=\"https:\/\/maronfamily.ch?page_id=545\"><span class=\"nospace\" id=\"ancI45_name\" itemprop=\"name\">Adelia  Parenti<\/span><\/a><br\/><span itemprop=\"birth\" itemscope itemtype=\"https:\/\/schema.org\/Event\"><span itemprop=\"startDate\" content=\"1861\">1861<\/span><\/span> - <span itemprop=\"death\" itemscope itemtype=\"https:\/\/schema.org\/Event\"><\/span><\/div><\/td><\/tr><tr><td>&#160;<\/td><\/tr><\/tbody><\/table><\/div><\/section><section class=\"rp_truncate\"><div class=\"rp_banner\">Family Group Sheet - Child<\/div><div class=\"rp_family\"><table class=\"familygroup\" style=\"border-color:brown !important\" itemscope itemtype=\"https:\/\/schema.org\/Family\"><tbody><tr id=\"c0pI5\" itemprop=\"parents\" itemscope itemtype=\"https:\/\/schema.org\/Person\"><td class=\"full\" colspan=\"4\" style=\"color:black;background-image:url('https:\/\/maronfamily.ch\/wp-content\/plugins\/rootspersona\/images\/familyGroupSidebar.jpg') !important;border-color:brown !important\">PARENT (<span itemprop=\"gender\">M<\/span>) <a href=\"https:\/\/maronfamily.ch?page_id=229\" itemprop=\"name\">Evaristo  MARON<\/a><span itemprop=\"birth\" itemscope itemtype=\"https:\/\/schema.org\/Event\" itemref=\"c0pI5_bdate c0pI5_bloc\"><\/span><span itemprop=\"death\" itemscope itemtype=\"https:\/\/schema.org\/Event\" itemref=\"c0pI5_ddate c0pI5_dloc\"><\/span><span itemprop=\"marriages\" itemscope itemtype=\"https:\/\/schema.org\/Event\" itemref=\"c0pI5_mdate c0pI5_mloc\"><\/span><span itemprop=\"parents\" itemscope itemtype=\"https:\/\/schema.org\/Person\" itemref=\"c0pI5_father\"><\/span><span itemprop=\"parents\" itemscope itemtype=\"https:\/\/schema.org\/Person\" itemref=\"c0pI5_mother\"><\/span><\/td><\/tr><tr id=\"c0pI5_birth\"><td class=\"inset\" rowspan=\"5\" style=\"color:black;background-image:url('https:\/\/maronfamily.ch\/wp-content\/plugins\/rootspersona\/images\/familyGroupSidebar.jpg') !important;border-color:brown !important\" ><td class=\"label\" style=\"border-color:brown !important\">Birth<\/td><td id=\"c0pI5_bdate\" itemprop=\"startDate\" class=\"rp_date\" style=\"border-color:brown !important\">7 JAN 1899<\/td><td id=\"c0pI5_bloc\" itemprop=\"location\" itemscope itemtype=\"http:\/\/schema.org\/Place\" class=\"notes\" style=\"border-color:brown !important\"><span itemprop=\"name\">, S\u00e3o Manuel, , S\u00e3o Manuel, S\u00e3o Paulo, Brasilien<\/span><\/td><\/tr><tr id=\"c0pI5_death\"><td class=\"label\" style=\"border-color:brown !important\">Death<\/td><td id=\"c0pI5_ddate\" itemprop=\"startDate\" class=\"rp_date\" style=\"border-color:brown !important\">28 DEC 1980 <\/td><td id=\"c0pI5_dloc\" itemprop=\"location\" itemscope itemtype=\"http:\/\/schema.org\/Place\" class=\"notes\" style=\"border-color:brown !important\"><span itemprop=\"name\">, S\u00e3o Manuel, , S\u00e3o Manuel, S\u00e3o Paulo, Brasilien<\/span><\/td><\/tr><tr id=\"c0pI50_marriage\"><td class=\"label\" style=\"border-color:brown !important\">Marriage<\/td><td id=\"c0pI50_mdate\" class=\"rp_date\" style=\"border-color:brown !important\" itemprop=\"startDate\">27 NOV 1924<\/td><td class=\"notes\" style=\"border-color:brown !important\">to <a href=\"https:\/\/maronfamily.ch?page_id=235\" itemprop=\"attendees\" itemscope itemtype=\"https:\/\/schema.org\/Person\"><span itemprop=\"name\">Martha  Paoleschi<\/span><\/a> <span  id=\"c0pI50_mloc\" itemprop=\"location\" itemscope itemtype=\"http:\/\/schema.org\/Place\"><span itemprop=\"name\"><\/span><\/span><\/td><\/tr><tr id=\"c0pI5_father\"><td class=\"label\" style=\"border-color:brown !important\">Father<\/td><td class=\"parent\" colspan=\"2\" style=\"border-color:brown !important\"><a href=\"https:\/\/maronfamily.ch?page_id=232\" itemprop=\"name\">Romolo  MARON<\/a><\/td><\/tr><tr id=\"c0pI5_mother\"><td class=\"label\" style=\"border-color:brown !important\">Mother<\/td><td class=\"parent\" colspan=\"2\" style=\"border-color:brown !important\"><a href=\"https:\/\/maronfamily.ch?page_id=542\" itemprop=\"name\">Rosa  LUCCO<\/a><\/td><\/tr><tr id=\"c0mI6\" itemprop=\"parents\" itemscope itemtype=\"https:\/\/schema.org\/Person\"><td class=\"full\" colspan=\"4\" style=\"color:black;background-image:url('https:\/\/maronfamily.ch\/wp-content\/plugins\/rootspersona\/images\/familyGroupSidebar.jpg') !important;border-color:brown !important\">PARENT (<span itemprop=\"gender\">F<\/span>) <a href=\"https:\/\/maronfamily.ch?page_id=235\" itemprop=\"name\">Martha  Paoleschi<\/a><span itemprop=\"birth\" itemscope itemtype=\"https:\/\/schema.org\/Event\" itemref=\"c0mI6_bdate c0mI6_bloc\"><\/span><span itemprop=\"death\" itemscope itemtype=\"https:\/\/schema.org\/Event\" itemref=\"c0mI6_ddate c0mI6_dloc\"><\/span><span itemprop=\"marriages\" itemscope itemtype=\"https:\/\/schema.org\/Event\" itemref=\"c0mI6_mdate c0mI6_mloc\"><\/span><span itemprop=\"parents\" itemscope itemtype=\"https:\/\/schema.org\/Person\" itemref=\"c0mI6_father\"><\/span><span itemprop=\"parents\" itemscope itemtype=\"https:\/\/schema.org\/Person\" itemref=\"c0mI6_mother\"><\/span><\/td><\/tr><tr id=\"c0mI6_birth\"><td class=\"inset\" rowspan=\"5\" style=\"color:black;background-image:url('https:\/\/maronfamily.ch\/wp-content\/plugins\/rootspersona\/images\/familyGroupSidebar.jpg') !important;border-color:brown !important\" ><td class=\"label\" style=\"border-color:brown !important\">Birth<\/td><td id=\"c0mI6_bdate\" itemprop=\"startDate\" class=\"rp_date\" style=\"border-color:brown !important\">27 JUN 1904<\/td><td id=\"c0mI6_bloc\" itemprop=\"location\" itemscope itemtype=\"http:\/\/schema.org\/Place\" class=\"notes\" style=\"border-color:brown !important\"><span itemprop=\"name\">, Serra Pistoiese, Serra Pistoiese, Pistoia, Toscana, Italia<\/span><\/td><\/tr><tr id=\"c0mI6_death\"><td class=\"label\" style=\"border-color:brown !important\">Death<\/td><td id=\"c0mI6_ddate\" itemprop=\"startDate\" class=\"rp_date\" style=\"border-color:brown !important\">12 SEP 1968 <\/td><td id=\"c0mI6_dloc\" itemprop=\"location\" itemscope itemtype=\"http:\/\/schema.org\/Place\" class=\"notes\" style=\"border-color:brown !important\"><span itemprop=\"name\">, S\u00e3o Manuel, , S\u00e3o Manuel, S\u00e3o Paulo, Brasilien<\/span><\/td><\/tr><tr id=\"c0mI60_marriage\"><td class=\"label\" style=\"border-color:brown !important\">Marriage<\/td><td id=\"c0mI60_mdate\" class=\"rp_date\" style=\"border-color:brown !important\" itemprop=\"startDate\">27 NOV 1924<\/td><td class=\"notes\" style=\"border-color:brown !important\">to <a href=\"https:\/\/maronfamily.ch?page_id=229\" itemprop=\"attendees\" itemscope itemtype=\"https:\/\/schema.org\/Person\"><span itemprop=\"name\">Evaristo  MARON<\/span><\/a> <span  id=\"c0mI60_mloc\" itemprop=\"location\" itemscope itemtype=\"http:\/\/schema.org\/Place\"><span itemprop=\"name\"><\/span><\/span><\/td><\/tr><tr id=\"c0mI6_father\"><td class=\"label\" style=\"border-color:brown !important\">Father<\/td><td class=\"parent\" colspan=\"2\" style=\"border-color:brown !important\"><a href=\"https:\/\/maronfamily.ch?page_id=544\" itemprop=\"name\">Ferdinando  Paoleschi<\/a><\/td><\/tr><tr id=\"c0mI6_mother\"><td class=\"label\" style=\"border-color:brown !important\">Mother<\/td><td class=\"parent\" colspan=\"2\" style=\"border-color:brown !important\"><a href=\"https:\/\/maronfamily.ch?page_id=545\" itemprop=\"name\">Adelia  Parenti<\/a><\/td><\/tr><tr><td class=\"full\" colspan=\"4\" style=\"color:black;background-image:url('https:\/\/maronfamily.ch\/wp-content\/plugins\/rootspersona\/images\/familyGroupSidebar.jpg') !important;border-color:brown !important\">CHILDREN<\/td><\/tr><tr id=\"c0c0I4\" itemprop=\"children\" itemscope itemtype=\"https:\/\/schema.org\/Person\"><td class=\"gender\" style=\"color:black;background-image:url('https:\/\/maronfamily.ch\/wp-content\/plugins\/rootspersona\/images\/familyGroupSidebar.jpg') !important;border-color:brown !important\" itemprop=\"gender\">M<\/td><td class=\"child\" colspan=\"3\" style=\"color:black;background-image:url('https:\/\/maronfamily.ch\/wp-content\/plugins\/rootspersona\/images\/familyGroupSidebar.jpg') !important;border-color:brown !important\"><a href=\"https:\/\/maronfamily.ch?page_id=227\" itemprop=\"name\">Armelindo Francisco  MAR\u00c3O<\/a><span itemprop=\"birth\" itemscope itemtype=\"https:\/\/schema.org\/Event\" itemref=\"c0c0I4_bdate c0c0I4_bloc\"><\/span><span itemprop=\"death\" itemscope itemtype=\"https:\/\/schema.org\/Event\" itemref=\"c0c0I4_ddate c0c0I4_dloc\"><\/span><span itemprop=\"marriages\" itemscope itemtype=\"https:\/\/schema.org\/Event\" itemref=\"c0c0I4_mdate c0c0I4_mloc\"><\/span><\/td><\/tr><tr id=\"c0c0I4_birth\"><td class=\"inset\" rowspan=\"2\" style=\"color:black;background-image:url('https:\/\/maronfamily.ch\/wp-content\/plugins\/rootspersona\/images\/familyGroupSidebar.jpg') !important;border-color:brown !important\"\/><td class=\"label\" style=\"border-color:brown !important\">Birth<\/td><td id=\"c0c0I4_bdate\" itemprop=\"startDate\" class=\"rp_date\" style=\"border-color:brown !important\">2 MAY 1928<\/td><td id=\"c0c0I4_bloc\" itemprop=\"location\" itemscope itemtype=\"http:\/\/schema.org\/Place\" class=\"notes\" style=\"border-color:brown !important\"><span itemprop=\"name\">, Prat\u00e2nia, , Prat\u00e2nia, S\u00e3o Paulo, Brasilien<\/span><\/td><\/tr><tr id=\"c0c0I4_death\"><td class=\"label\" style=\"border-color:brown !important\">Death<\/td><td id=\"c0c0I4_ddate\" itemprop=\"startDate\" class=\"rp_date\" style=\"border-color:brown !important\">24 DEC 2011<\/td><td id=\"c0c0I4_dloc\" itemprop=\"location\" itemscope itemtype=\"http:\/\/schema.org\/Place\" class=\"notes\" style=\"border-color:brown !important\"><span itemprop=\"name\">, Botucatu, , Botucatu, S\u00e3o Paulo, Brasil<\/span><\/td><\/tr><\/tbody><\/table><\/div><\/section><div class=\"rp_banner\"><\/div>\n","protected":false},"excerpt":{"rendered":"","protected":false},"author":0,"featured_media":0,"parent":174,"menu_order":0,"comment_status":"closed","ping_status":"closed","template":"","meta":{"ngg_post_thumbnail":0,"footnotes":""},"class_list":["post-227","page","type-page","status-publish","hentry"],"jetpack_sharing_enabled":true,"_links":{"self":[{"href":"https:\/\/maronfamily.ch\/index.php?rest_route=\/wp\/v2\/pages\/227","targetHints":{"allow":["GET"]}}],"collection":[{"href":"https:\/\/maronfamily.ch\/index.php?rest_route=\/wp\/v2\/pages"}],"about":[{"href":"https:\/\/maronfamily.ch\/index.php?rest_route=\/wp\/v2\/types\/page"}],"replies":[{"embeddable":true,"href":"https:\/\/maronfamily.ch\/index.php?rest_route=%2Fwp%2Fv2%2Fcomments&post=227"}],"version-history":[{"count":0,"href":"https:\/\/maronfamily.ch\/index.php?rest_route=\/wp\/v2\/pages\/227\/revisions"}],"up":[{"embeddable":true,"href":"https:\/\/maronfamily.ch\/index.php?rest_route=\/wp\/v2\/pages\/174"}],"wp:attachment":[{"href":"https:\/\/maronfamily.ch\/index.php?rest_route=%2Fwp%2Fv2%2Fmedia&parent=227"}],"curies":[{"name":"wp","href":"https:\/\/api.w.org\/{rel}","templated":true}]}}